539318?
2, 5801, 7459
What are the prime factors of 235441275?
3, 5, 163, 19259
What are the prime factors of 150852159?
3, 79, 197, 359
What are the prime factors of 3353806259?
3353806259
List the prime factors of 76825216.
2, 13, 137, 337
List the prime factors of 79237900.
2, 5, 7, 103, 157
What are the prime factors of 254183715?
3, 5, 5648527
List the prime factors of 56697062.
2, 131, 216401
What are the prime factors of 1076911495?
5, 11, 17, 104707
List the prime factors of 28388210.
2, 5, 23, 123427
List the prime factors of 1819669319.
13, 139974563
List the prime factors of 380648745.
3, 5, 8458861
List the prime factors of 136127372.
2, 34031843
List the prime factors of 47255826.
2, 3, 7875971
What are the prime factors of 5254137734?
2, 31, 84744157
What are the prime factors of 1357962101?
557, 2437993
What are the prime factors of 110443736?
2, 13, 1061959
List the prime factors of 861706905.
3, 5, 19, 503, 6011
What are the prime factors of 7246403?
17, 23, 43, 431
What are the prime factors of 40348369?
167, 359, 673
What are the prime factors of 9991127?
9991127
List the prime factors of 13781361.
3, 11, 417617
List the prime factors of 1741385320.
2, 5, 31, 199, 7057
List the prime factors of 79880127.
3, 17, 23, 68099
List the prime factors of 105564926.
2, 463, 114001
List the prime factors of 99984865.
5, 733, 27281
List the prime factors of 761782056.
2, 3, 7, 4534417
What are the prime factors of 322409408?
2, 5037647
List the prime factors of 81314587.
17, 883, 5417
What are the prime factors of 320740179?
3, 569, 187897
List the prime factors of 3670106811.
3, 7, 733, 34061
What are the prime factors of 2385416?
2, 11, 27107
What are the prime factors of 68086894?
2, 509, 66883
What are the prime factors of 45760084?
2, 43, 266047
List the prime factors of 2333926701.
3, 259325189
What are the prime factors of 6399341751?
3, 11, 193919447
What are the prime factors of 311566029?
3, 157, 479, 1381
List the prime factors of 265759810.
2, 5, 17, 1563293
List the prime factors of 5229409687.
2851, 1834237
List the prime factors of 1728731784.
2, 3, 13, 5540807
List the prime factors of 8632024.
2, 29, 1283
What are the prime factors of 1536562490?
2, 5, 19, 101, 80071
List the prime factors of 2830459500.
2, 3, 5, 11, 211, 271
What are the prime factors of 78686456?
2, 1429, 6883
List the prime factors of 893724708.
2, 3, 23, 3238133
What are the prime factors of 63697330?
2, 5, 6369733
List the prime factors of 891105203.
2339, 380977
What are the prime factors of 6600505?
5, 17, 19, 61, 67
List the prime factors of 4014571500.
2, 3, 5, 29, 30763
List the prime factors of 4100904101.
7, 17, 34461379
What are the prime factors of 66339011?
179, 370609
What are the prime factors of 29763187?
233, 127739
List the prime factors of 240803298.
2, 3, 29, 461309
What are the prime factors of 645613048?
2, 137, 589063
What are the prime factors of 7219274008?
2, 13399, 67349
List the prime factors of 3976519425.
3, 5, 4951, 10709
List the prime factors of 476788124.
2, 131, 909901
What are the prime factors of 368058403?
67, 5493409
List the prime factors of 80582245.
5, 16116449
List the prime factors of 57963859.
2347, 24697
List the prime factors of 79798069.
13, 6138313
What are the prime factors of 97522686?
2, 3, 1951, 2777
List the prime factors of 258779759.
7, 619, 59723
What are the prime factors of 42740233?
23, 307, 6053
List the prime factors of 2494916138.
2, 11, 13, 8723483
List the prime factors of 19973783.
257, 77719
List the prime factors of 79037571.
3, 26345857
List the prime factors of 2967331929.
3, 17, 58182979
List the prime factors of 664142962.
2, 7, 6776969
List the prime factors of 13356178.
2, 11, 47, 12917
List the prime factors of 5886385555.
5, 31, 37976681
What are the prime factors of 407867549?
41, 229, 43441
What are the prime factors of 77970323?
77970323
What are the prime factors of 3151312684?
2, 13, 4073, 14879
What are the prime factors of 116662508?
2, 19, 859, 1787
What are the prime factors of 112389056?
2, 13, 10391
List the prime factors of 995757912.
2, 3, 37, 373783
What are the prime factors of 664286659?
113, 619, 9497
List the prime factors of 5557280.
2, 5, 47, 739
List the prime factors of 43117598.
2, 409, 52711
What are the prime factors of 17686536?
2, 3, 7, 105277
What are the prime factors of 989836978?
2, 13, 79, 547, 881
List the prime factors of 18514903.
11, 41, 61, 673
What are the prime factors of 793002851?
353, 2246467
List the prime factors of 283163596.
2, 70790899
List the prime factors of 766698768.
2, 3, 11, 484027
What are the prime factors of 498795808?
2, 7, 2226767
List the prime factors of 23788685.
5, 67, 71011
List the prime factors of 3445185398.
2, 71, 24261869
List the prime factors of 57387549.
3, 29, 443, 1489
What are the prime factors of 577272088?
2, 72159011
List the prime factors of 92512955.
5, 487, 37993
List the prime factors of 12012666.
2, 3, 197, 10163
List the prime factors of 7455544818.
2, 3, 14387, 86369
List the prime factors of 446343934.
2, 19, 23, 510691
List the prime factors of 42422977.
599, 70823
List the prime factors of 62843255.
5, 113, 111227
What are the prime factors of 6163334033?
1609, 3830537
What are the prime factors of 66600632?
2, 7, 137, 8681
List the prime factors of 1755422924.
2, 17, 727, 35509
What are the prime factors of 104903007?
3, 11, 288989
What are the prime factors of 103237379?
7, 17, 867541
List the prime factors of 370372548.
2, 3, 7, 13, 19, 17851
List the prime factors of 793550116.
2, 8599, 23071
List the prime factors of 57365536.
2, 1792673
List the prime factors of 22122844.
2, 79, 70009
List the prime factors of 12726960.
2, 3, 5, 19, 2791
What are the prime factors of 117000696?
2, 3, 31, 157259
What are the prime factors of 2180167102?
2, 23, 5651, 8387
List the prime factors of 968351575.
5, 47, 313, 2633
List the prime factors of 6836865983.
6836865983
What are the prime factors of 3531422630?
2, 5, 353142263
List the prime factors of 125285739.
3, 73, 271, 2111
What are the prime factors of 402984609?
3, 17, 29, 79, 3449
What are the prime factors of 16132555?
5, 29, 31, 37, 97
List the prime factors of 39762073.
13, 967, 3163
What are the prime factors of 2801457802?
2, 11, 13, 9795307
What are the prime factors of 540764716?
2, 135191179
List the prime factors of 3725701444.
2, 281, 3314681
List the prime factors of 269437408.
2, 8419919
List the prime factors of 60848748.
2, 3, 127, 13309
List the prime factors of 402487778.
2, 7, 11, 79, 33083
What are the prime factors of 2225841404?
2, 811, 686141
List the prime factors of 129768117.
3, 229, 188891
What are the prime factors of 2980207?
19, 101, 1553
List the prime factors of 49245762.
2, 3, 8207627
What are the prime factors of 1219428957?
3, 406476319
List the prime factors of 259174752.
2, 3, 691, 3907
List the prime factors of 2567927712.
2, 3, 7, 113, 4831
List the prime factors of 5172194816.
2, 2579, 3917
List the prime factors of 349194839.
7, 49884977
List the prime factors of 4327588154.
2, 37, 89, 657089
What are the prime factors of 3920891963?
131, 1039, 28807
List the prime factors of 57700729.
53, 1088693
List the prime factors of 578036091.
3, 17, 29, 390829
List the prime factors of 7752524804.
2, 1938131201
List the prime factors of 1077585958.
2, 2003, 268993
What are the prime factors of 523690588?
2, 23, 5692289
What are the prime factors of 1342875997?
173, 7762289
What are the prime factors of 783631936?
2, 12244249
List the prime factors of 4659276677.
11, 29, 1171, 12473
What are the prime factors of 37501792?
2, 1171931
What are the prime factors of 882304810?
2, 5, 88230481
List the prime factors of 13144008.
2, 3, 257, 2131
List the prime factors of 1413081161.
3433, 411617
List the prime factors of 640173953.
640173953
What are the prime factors of 630812969?
157, 1019, 3943
List the prime factors of 67799797.
13, 5215369
What are the prime factors of 614689558?
2, 7, 19, 43, 61, 881
What are the prime factors of 13314001?
349, 38149
What are the prime factors of 5307777?
3, 589753
List the prime factors of 65413434.
2, 3, 10902239
What are the prime factors of 1181373093?
3, 139, 317, 331
L